16) to base 3.
-2222102211111
What is -10114030 (base 5) in base 4?
-110013112
-11011001010100100 (base 2) to base 10
-111268
What is -1529a (base 14) in base 10?
-52664
Convert 101101010110001111010 (base 2) to base 14.
2a9750
What is 3737605 (base 8) in base 12?
419319
22022241 (base 5) to base 2
101110001010001111
What is 3034545 (base 11) in base 9?
11075738
Convert -2333213321 (base 4) to base 12.
-31a275
Convert 1111000001010100111111 (base 2) to base 3.
21102001101000
What is 1db65 (base 14) in base 13?
2898a
-78cac (base 14) to base 6
-10142104
Convert 321031 (base 8) to base 9.
172735
What is 3124112 (base 5) in base 10?
51782
Convert 10210201020 (base 3) to base 13.
2810a
-98191 (base 13) to base 10
-274912
11001001010110010 (base 2) to base 16
192b2
-30132122012 (base 4) to base 2
-1100011110011010000110
What is -31055134 (base 6) in base 16?
-da482
Convert 3020021222 (base 4) to base 7.
6653066
Convert 126b541 (base 12) to base 5.
1412042331
Convert -a1577 (base 14) to base 9.
-651188
-3103321 (base 5) to base 8
-142435
What is 859313 (base 10) in base 9?
1548672
-52749 (base 13) to base 15
-2deb3
What is 3127276 (base 9) in base 10?
1671828
What is 55526 (base 9) in base 16?
900f
What is 80c7c (base 16) in base 2?
10000000110001111100
45156 (base 13) to base 3
20101010000
Convert 5b164 (base 12) to base 5.
12413113
What is -262540 (base 7) in base 10?
-48979
What is 1001111001001010000001 (base 2) in base 8?
11711201
Convert 1bc93 (base 15) to base 5.
10344323
Convert 1033333023 (base 4) to base 2.
1001111111111001011
Convert -211111001201 (base 3) to base 14.
-b73c9
Convert -416663 (base 7) to base 9.
-118718
-99520 (base 12) to base 15
-401d0
What is -797042 (base 12) in base 13?
-52c3a6
Convert c029a (base 14) to base 2.
1110000101011010000
What is 1222211220112 (base 3) in base 10?
1059899
1cc969 (base 13) to base 3
1101200211101
Convert 1940466 (base 11) to base 16.
320d0c
What is -c50bf7 (base 16) in base 8?
-61205767
1de7f3 (base 16) to base 13
538124
Convert -759a6b (base 14) to base 12.
-14013a7
Convert 12300451 (base 6) to base 12.
171727
bbc8b (base 14) to base 4
1233021003
111020102211 (base 3) to base 5
31314242
What is -30010a (base 12) in base 3?
-1101221012201
What is -100323030331 (base 4) in base 16?
-43b33d
Convert -12634307 (base 9) to base 11.
-3570478
What is 48081 (base 12) in base 7?
552256
-1250928 (base 11) to base 6
-114244551
What is 7dbbb (base 14) in base 7?
2415524
Convert 10000100110011000000 (base 2) to base 3.
1000122010210
What is -8a0a5 (base 11) in base 6?
-2444225
What is -92e92e (base 15) in base 8?
-32512360
Convert 7d927 (base 15) to base 5.
100302222
1001101111001001 (base 2) to base 16
9bc9
What is 23355 (base 10) in base 13?
a827
-18f3d5 (base 16) to base 13
-453432
Convert -73376 (base 13) to base 9.
-345105
Convert 15004332 (base 9) to base 15.
9c0692
Convert -36a762 (base 16) to base 7.
-42305356
What is -12a09b (base 12) in base 3?
-120122002102
What is -4054130 (base 6) in base 9?
-325130
Convert -c7f65 (base 16) to base 6.
-25315513
What is 75887 (base 9) in base 4?
30101323
1535812 (base 9) to base 2
11001111101011110001
What is 23221102 (base 6) in base 15?
e2c28
What is 11300010220 (base 4) in base 10?
1507624
29637 (base 12) to base 7
330616
-1504061 (base 10) to base 11
-938029
Convert a1c9 (base 15) to base 8.
102564
-1020122322 (base 4) to base 13
-a5030
-1537800 (base 14) to base 8
-47377770
What is -297026 (base 12) in base 16?
-aa05e
Convert -1259107 (base 10) to base 5.
-310242412
What is 1212242 (base 7) in base 9?
254812
-635917 (base 13) to base 15
-30e297
Convert -32856342 (base 9) to base 2.
-111100101111000111101001
What is -325534 (base 8) in base 5?
-12000104
Convert -11460525 (base 8) to base 14.
-496913
2202131321 (base 4) to base 7
5441063
-32381678 (base 9) to base 13
-3319055
Convert -3314133120 (base 5) to base 10.
-7177285
What is -64123325 (base 8) in base 14?
-1b5d445
What is -1100100101000000 (base 2) in base 8?
-144500
Convert -10001011001010000 (base 2) to base 9.
-117654
What is -125403522 (base 6) in base 8?
-11434012
Convert 3132410 (base 5) to base 3.
2122122110
What is 753311 (base 9) in base 6?
13340444
Convert a78b3 (base 16) to base 11.
429662
What is -130030324 (base 5) in base 7?
-5220612
10101101001000010101000 (base 2) to base 6
321332252
-120232311 (base 4) to base 13
-37155
113075 (base 14) to base 5
122201300
Convert 318906 (base 10) to base 6.
10500230
-402c2 (base 16) to base 6
-5344522
-3765428 (base 10) to base 5
-1430443203
b26bb6 (base 12) to base 3
12020210010210
Convert 24dc7c (base 15) to base 11.
aa8310
Convert -224132001 (base 6) to base 2.
-1111101101010101000001
Convert -be552 (base 15) to base 11.
-383878
105427 (base 11) to base 2
101001000100011011
-198745 (base 11) to base 16
-4a4ec
What is 2223101213 (base 4) in base 5?
134422133
-23ba1 (base 12) to base 9
-73304
Convert -514326 (base 7) to base 4.
-111132213
What is -26260216 (base 7) in base 6?
-123244131
What is -2a18 (base 11) in base 9?
-5303
Convert 43420020 (base 5) to base 2.
1011011000110001111
-c69e (base 15) to base 16
-a40f
2101122021 (base 3) to base 15
de67
Convert d0be (base 16) to base 7.
311540
-145261 (base 8) to base 12
-26041
What is 24554d (base 14) in base 10?
1244081
Convert 21012201110 (base 3) to base 9.
235643
Convert 2a204a (base 12) to base 11.
444376
1002212110102 (base 3) to base 2
10001111100010000101
Convert 53007142 (base 8) to base 5.
10341311444
What is 4140402 (base 8) in base 13?
2c59c6
18ac (base 13) to base 8
7153
3302213201 (base 4) to base 9
1774158
Convert -121102021122 (base 3) to base 16.
-4ee51
Convert f68f (base 16) to base 5.
4004434
312a (base 12) to base 11
4035
What is 26c68 (base 13) in base 7?
421063
What is -69828 (base 10) in base 13?
-25a25
-9341a (base 12) to base 4
-232332112
What is 9262c (base 14) in base 12?
14bb68
Convert -2443344 (base 7) to base 4.
-1030133322
What is -230240100 (base 5) in base 8?
-3720620
-33c6 (base 13) to base 5
-213020
Convert -8394b1 (base 15) to base 4.
-113313322030
111310023230 (base 4) to base 11
3256657
What is -2101210121101 (base 3) in base 13?
-358717
410120422 (base 5) to base 16
191a38
Convert -3985b (base 15) to base 2.
-101100111101001000
What is 2612bb (base 13) in base 2?
11011111110010100001
Convert -120341304 (base 5) to base 16.
-8876a
What is 1132535400 (base 6) in base 15?
11b8269
Convert b2926 (base 12) to base 4.
320312232
-110a13 (base 11) to base 5
-21130131
What is 41791 (base 12) in base 6?
1501101
Convert 1327736 (base 9) to base 14.
14d141
What is -1251a8 (base 11) in base 3?
-101000112201
What is a40d3 (base 14) in base 2?
1100000100000111001
What is 10022020102211 (base 3) in base 9?
3266384
28cc2f (base 16) to base 8
12146057
Convert 717ee (base 16) to base 15.
92b1d
What is -22257212 (base 8) in base 12?
-173a722
Convert -33021331 (base 4) to base 12.
-2bb11
-11244010 (base 6) to base 3
-122200122020
What is -32041224 (base 5) in base 9?
-448046
What is -343213 (base 7) in base 6?
-1151054
Convert 120001221110 (base 3) to base 8.
1103325
Convert 1046818 (base 11) to base 9.
3412682
What is -3e9a3 (base 15) in base 8?
-611127
What is -621e3 (base 16) in base 14?
-a6667
12065 (base 13) to base 6
412542
Convert -43275 (base 12) to base 14.
-2437b
What is 653042 (base 10) in base 12?
275b02
-11110110011010110011 (base 2) to base 3
-1220021112122
What is -aa668 (base 12) in base 8?
-670460
Convert 17637b (base 12) to base 11.
257212
Convert 120325 (base 9) to base 3.
10200100212
What is -2060807 (base 9) in base 2?
-100001101010000110111
Convert 211220000210012 (base 3) to base 16.
b99e3a
What is -449c95 (base 13) in base 16?
-18bd5b
-6281e (base 15) to base 4
-1030100021
What is -15a2b0 (base 14) in base 12?
-306716
Convert -318df0 (base 16) to base 4.
-30120313300
Convert 442023 (base 6) to base 9.
55346
-1212201101220 (base 3) to base 7
-11325324
Convert 12852b (base 12) to base 9.
514188
203221234 (base 5) to base 4
3030003223
What is 189dc8 (base 15) in base 9?
2225138
-104808 (base 9) to base 14
-18b6d
Convert -123331320 (base 4) to base 13.
-401a9
What is -6262020 (base 7) in base 16?
-b83b6
-1452 (base 16) to base 10
-5202
Convert 270a0 (base 16)